*b - 17015. Determine m(-36).
-23
Let p(r) = -14*r**2 - 1344*r + 8575. What is p(-102)?
7
Let u(a) = -9*a**2 + 233*a - 1237. Calculate u(8).
51
Let d(x) = -897*x + 8212. Calculate d(9).
139
Let q(a) = 19538*a - 312242. What is q(16)?
366
Let t(q) = -5*q**3 - 119*q**2 + 60*q + 168. What is t(-24)?
-696
Let b(t) = -6*t**3 - 95*t**2 + 65*t + 794. What is b(-16)?
10
Let t(b) = -4*b**3 + 47*b**2 + 70*b - 364. Determine t(13).
-299
Let k(d) = d**3 + 199*d**2 - 1516*d - 49895. Calculate k(19).
-1
Let k(l) = l**3 + 195*l**2 + 140*l - 47478. Determine k(-193).
0
Let h(x) = -458*x**2 + 5960*x - 81. Determine h(13).
-3
Let z(f) = -f**3 + 23*f**2 + 142*f + 464. Give z(25).
2764
Let o(l) = -2*l**2 - 1200*l + 49835. Calculate o(39).
-7
Let k(x) = 121498*x + 4252451. Give k(-35).
21
Let r(z) = -9*z**3 - 202*z**2 - 397*z - 48. Give r(-20).
-908
Let g(m) = -2*m**3 - 51*m**2 + 1568*m + 3330. Determine g(-2).
6
Let p(t) = t**2 - 804*t + 137879. Determine p(556).
-9
Let m(s) = 16472*s - 98903. What is m(6)?
-71
Let w(g) = 31*g - 2629. Give w(76).
-273
Let s(v) = 9*v**2 + 76*v + 895. Calculate s(-12).
1279
Let l(v) = -v**3 - 46*v**2 + 4514*v - 107. Determine l(48).
-11
Let b(q) = 2*q**3 - 140*q**2 - 462*q - 1193. Calculate b(73).
-2945
Let v(q) = 112*q**3 - 6050*q**2 + 112*q - 143. What is v(54)?
73
Let m(z) = 3*z**2 + 221*z - 52. Determine m(-72).
-412
Let j(r) = -8*r**2 + 632*r - 9593. Give j(16).
-1529
Let f(s) = 11*s**3 + 5520*s**2 - 989*s + 7532. Give f(-502).
2
Let x(n) = 3*n**2 + 255*n - 2438. Calculate x(-94).
100
Let o(z) = -z**3 + 178*z**2 - 523*z + 332. What is o(175)?
682
Let d(y) = -34761*y + 764834. Calculate d(22).
92
Let s(z) = -4*z**2 + 1094*z - 561. Determine s(273).
-15
Let d(o) = 2436244*o + 9744971. Calculate d(-4).
-5
Let v(l) = 93*l**2 - 2589*l - 425. Determine v(28).
-5
Let i(j) = j**2 + 704*j + 41919. Give i(-65).
384
Let t(z) = 10139*z + 425853. Give t(-42).
15
Let f(q) = 3*q**2 - 13*q + 69. What is f(20)?
1009
Let l(g) = 7*g**3 + 442*g**2 + 97*g - 132. What is l(-63)?
-2274
Let g(q) = -2*q**2 - 1330*q + 275946. Determine g(166).
54
Let q(z) = -z**3 + 11*z**2 - 61*z + 937. What is q(14)?
-505
Let q(h) = -26659*h - 639830. Determine q(-24).
-14
Let u(z) = 1648*z + 14966. Determine u(-9).
134
Let b(r) = 2*r**3 + 649*r**2 - 15792*r - 61410. What is b(-347)?
9
Let z(l) = -2*l**3 - 147*l**2 - 1001*l - 725. Give z(-66).
1
Let o(m) = 8*m**3 - 2648*m**2 - 10717*m - 1003. What is o(335)?
2
Let o(c) = -c**3 - 3*c**2 + 51*c + 81. What is o(-8)?
-7
Let l(z) = -40*z**2 - 98*z + 1346. What is l(-8)?
-430
Let n(f) = 4*f**2 - 712*f + 4150. Give n(6).
22
Let a(p) = p**2 - 18950*p - 75806. What is a(-4)?
10
Let p(n) = n**3 - 27*n**2 - 474*n + 40. What is p(40)?
1880
Let t(x) = -17*x**2 - 308*x - 910. Determine t(-15).
-115
Let l(j) = -60392*j + 1872125. Determine l(31).
-27
Let u(s) = -3*s**2 - 862*s + 55327. Calculate u(54).
31
Let k(o) = 419*o - 70092. Calculate k(168).
300
Let f(y) = 2*y**3 + 49*y**2 + 22*y + 189. Determine f(-24).
237
Let j(z) = 5*z**2 + 1080*z - 14894. Calculate j(-229).
-9
Let f(g) = 243444*g + 2921349. Give f(-12).
21
Let p(w) = 3*w**2 + 390*w - 11614. Determine p(25).
11
Let l(d) = 118*d**2 - 115*d + 185. What is l(2)?
427
Let w(k) = k**2 + 324*k + 4392. Give w(-310).
52
Let l(t) = 3*t**2 - 940*t - 32038. What is l(-31)?
-15
Let w(y) = -274523*y + 2196146. Determine w(8).
-38
Let o(w) = 187*w**3 + 739*w**2 + 537*w + 9. What is o(-3)?
0
Let v(w) = -w**3 - 1873*w**2 + 14550*w + 3990. What is v(8)?
6
Let t(h) = 2349*h + 13043. What is t(-5)?
1298
Let p(q) = -3854*q - 38565. Determine p(-10).
-25
Let h(j) = -j**3 + 6*j**2 + 3*j - 9. Calculate h(1).
-1
Let u(o) = -21817*o - 26769450. Determine u(-1227).
9
Let b(l) = -l**3 + 306*l**2 + 635*l - 100698. Calculate b(307).
-2
Let r(o) = 5*o**2 + 1769*o + 105561. What is r(-76)?
-3
Let b(u) = -9*u**2 - 30*u + 65. Determine b(5).
-310
Let i(b) = 238*b - 3759. Determine i(15).
-189
Let p(z) = 1318102*z - 3954312. Give p(3).
-6
Let l(k) = -60484*k + 786383. Calculate l(13).
91
Let z(s) = s**3 + 262*s**2 - 4278*s + 1846. Give z(15).
1
Let l(w) = -416*w**2 - 30372*w - 292. What is l(-73)?
0
Let u(g) = -2*g**3 + 39*g**2 - 62*g + 551. Give u(20).
-1089
Let n(z) = 1513*z + 582559. Give n(-385).
54
Let u(i) = i**2 - 378*i + 34311. Give u(151).
34
Let a(u) = -24721*u + 3263143. Calculate a(132).
-29
Let f(z) = 492*z - 64955. Determine f(132).
-11
Let i(z) = 25954*z + 259547. Determine i(-10).
7
Let r(u) = -10606*u - 52855. Give r(-5).
175
Let a(i) = -2185*i - 172619. Calculate a(-79).
-4
Let z(s) = -1188*s + 4099. Determine z(4).
-653
Let n(u) = -4*u**3 - 3989*u**2 - 4994*u - 13947. Calculate n(-996).
-3
Let c(q) = q**3 + 131*q**2 - 2666*q + 2388. Calculate c(-149).
4
Let v(i) = 1910*i + 49656. What is v(-26)?
-4
Let j(p) = -2532*p - 139268. Give j(-55).
-8
Let s(r) = 5043*r + 4493307. Determine s(-891).
-6
Let j(w) = 17*w**2 + 43*w - 335. Determine j(7).
799
Let r(d) = -d**3 + 113*d**2 - 1556*d + 209. What is r(97)?
-179
Let g(d) = -d**2 + 81*d - 2407. What is g(45)?
-787
Let d(n) = -37562*n + 75188. What is d(2)?
64
Let w(o) = 56*o - 760. Give w(8).
-312
Let x(t) = t**3 - 337*t**2 + 8083*t + 89. Determine x(26).
11
Let v(s) = 10*s**2 + 1053*s + 241. Determine v(-105).
-74
Let q(z) = -1780719*z - 19. Determine q(0).
-19
Let z(w) = 21*w**2 - 1395*w - 5253. Give z(70).
-3
Let y(h) = 3*h**2 + 113*h - 1599. Give y(11).
7
Let h(b) = -5*b**3 + 108*b**2 - 386*b - 125. Give h(17).
-40
Let f(s) = 83*s**2 + 38327*s - 8803. Determine f(-462).
-25
Let l(n) = -22*n**2 - 2351*n - 2600. Determine l(-106).
-586
Let o(a) = a**2 + 6*a - 2499. What is o(48)?
93
Let g(k) = 172*k**2 + 3957*k + 101. Determine g(-23).
78
Let t(f) = 13*f**2 - 93*f - 496. Calculate t(11).
54
Let f(c) = 12594*c - 25157. Give f(2).
31
Let i(s) = -s**3 - 15*s**2 + 262*s + 429. What is i(-25)?
129
Let w(j) = 6*j**3 + 60*j**2 - 872*j + 72. Calculate w(8).
8
Let j(l) = -104*l**3 + l**2 + 11*l + 6. Determine j(-2).
820
Let j(u) = -u**2 - 5170*u + 41458. Determine j(8).
34
Let d(v) = 7610*v + 29061. Calculate d(-4).
-1379
Let l(m) = m**3 + 11*m**2 - 135*m - 1248. What is l(-8)?
24
Let g(z) = 18132*z - 615569. Determine g(34).
919
Let o(l) = -2*l**2 - 1240*l - 36503. Calculate o(-31).
15
Let a(t) = -132*t**2 + 650*t + 43. Determine a(5).
-7
Let o(v) = -v**3 - 93*v**2 + 2118*v + 221. Give o(-112).
1341
Let k(p) = -29655*p - 682060. Calculate k(-23).
5
Let b(c) = 12*c**2 + 99*c + 1126. Calculate b(-11).
1489
Let n(j) = 49*j**3 - 224*j**2 - 401*j - 118. Give n(6).
-4
Let u(m) = -89763*m - 46856292. Give u(-522).
-6
Let a(o) = 19*o**2 + 490*o + 2627. Determine a(-8).
-77
Let i(j) = -3313*j + 269938. What is i(82)?
-1728
Let s(g) = 139*g**2 + 24171*g - 2492. Determine s(-174).
118
Let v(g) = -2*g**3 - 19*g**2 - 93*g - 143. Calculate v(-5).
97
Let k(b) = 3*b**3 + 57*b**2 + 149*b - 77. Determine k(-16).
-157
Let c(q) = -750*q + 20427. What is c(27)?
177
Let o(b) = -2*b**3 + 18*b**2 + 76*b + 7. Calculate o(11).
359
Let i(j) = -2*j**2 + 175*j - 421. What is i(86)?
-163
Let u(k) = k**3 + 40*k**2 + 52*k + 2081. Determine u(-40).
1
Let a(x) = 3*x**3 + 13*x**2 - 116*x - 21. Give a(6).
399
Let t(k) = k**3 + 28*k**2 - 43*k + 129. Determine t(-28).
1333
Let g(u) = -u**2 - 206*u + 11453. Give g(43).
746
Let s(j) = -25*j**3 + 3*j**2 + 31*j + 45. What is s(-2)?
195
Let z(x) = 18975*x - 56894. What is z(3)?
31
Let x(s) = -7457*s - 671115. What is x(-90)?
15
Let m(q) = 527*q - 1334. Give m(1).
-807
Let c(q) = 5024*q - 13973. Determine c(3).
1099
Let p(v) = -17*v**2 + 1322*v + 155. Give p(78).
-157
Let x(a) = 2*a**3 - 2002*a**2 - 24309*a - 3040. Determine x(1013).
-1
Let w(q) = -28*q**3 - 297*q**2 + 115*q - 19. What is w(-11)?
47
Let f(h) = -18*h**2 - 25*h + 344. Give f(-5).
19
Let l(j) = 16599*j - 1327921. Give l(80).
-1
Let i(r) = -1563*r - 183533. Determine i(-118).
901
Let m(l) = -l**2 - 321*l + 18131. What is m(49)?
1
Let d(v) = v**3 + 75*v**2 + 3*v - 5617. Determine d(-74).
-363
Let z(t) = -2*t**3 - 30*t**2 - 281*t - 8292. What is z(-19)?
-65
Let y(j) = j**2 - 3664*j + 574017. What is y(164)?
17
Let i(w) = w**2 + 157*w + 4798. What is i(-115)?
-32
Let q(n) = 2*n**2 - 1422*n + 235650. Determine q(448).
2
Let p(v) = -1052380*v - 1052345. Determine p(-1).
35
Let m(